.
17
What is the remainder when 5211906 is divided by 17972?
26
What is the remainder when 192386 is divided by 192339?
47
Calculate the remainder when 4824673 is divided by 12.
1
What is the remainder when 1679628 is divided by 14477?
296
What is the remainder when 31588612 is divided by 96014?
6
Calculate the remainder when 4485005 is divided by 407688.
437
What is the remainder when 63572133 is divided by 127?
124
What is the remainder when 1207196 is divided by 1207178?
18
What is the remainder when 6305816 is divided by 485057?
75
Calculate the remainder when 11123 is divided by 5019.
1085
Calculate the remainder when 37669129 is divided by 375.
4
What is the remainder when 54044 is divided by 2604?
1964
Calculate the remainder when 133145653 is divided by 7007665.
18
Calculate the remainder when 128685 is divided by 16033.
421
What is the remainder when 5644036 is divided by 97?
91
What is the remainder when 7769968 is divided by 1033?
775
Calculate the remainder when 124282 is divided by 2112.
1786
What is the remainder when 130407218 is divided by 5012?
5002
What is the remainder when 64109 is divided by 2914?
1
What is the remainder when 5039182 is divided by 1874?
1870
Calculate the remainder when 61253631 is divided by 2816.
2815
Calculate the remainder when 54369243 is divided by 5.
3
Calculate the remainder when 326019660 is divided by 792.
780
What is the remainder when 14584350 is divided by 3430?
3420
What is the remainder when 195506 is divided by 21699?
215
Calculate the remainder when 14917242 is divided by 276.
270
What is the remainder when 1315982 is divided by 5?
2
Calculate the remainder when 4549165 is divided by 38.
33
Calculate the remainder when 1351124 is divided by 421.
135
What is the remainder when 1894727 is divided by 25955?
12
What is the remainder when 61438538 is divided by 80628?
2
Calculate the remainder when 4705851 is divided by 369.
363
What is the remainder when 5087488 is divided by 201?
178
What is the remainder when 9465759 is divided by 160?
159
What is the remainder when 30579927 is divided by 3974?
3971
Calculate the remainder when 45074970 is divided by 1609820.
10
Calculate the remainder when 17448689 is divided by 80.
49
What is the remainder when 1523393 is divided by 24?
17
What is the remainder when 1553547 is divided by 517812?
111
What is the remainder when 17314323 is divided by 2202?
2199
What is the remainder when 70119 is divided by 542?
201
Calculate the remainder when 305307 is divided by 50883.
9
What is the remainder when 662057 is divided by 110284?
353
Calculate the remainder when 18738016 is divided by 69400.
16
Calculate the remainder when 478736 is divided by 10185.
41
Calculate the remainder when 44332257 is divided by 7388709.
3
What is the remainder when 209976 is divided by 6985?
426
Calculate the remainder when 1769120 is divided by 36.
8
Calculate the remainder when 27975015 is divided by 528.
519
What is the remainder when 50912 is divided by 6207?
1256
Calculate the remainder when 497388 is divided by 916.
0
What is the remainder when 116597562 is divided by 918091?
5
What is the remainder when 5019307 is divided by 532?
419
Calculate the remainder when 53494 is divided by 1395.
484
Calculate the remainder when 3683348 is divided by 119.
60
What is the remainder when 135769634 is divided by 135769628?
6
Calculate the remainder when 52256 is divided by 17383.
107
What is the remainder when 910594 is divided by 42?
34
Calculate the remainder when 20569571 is divided by 39.
35
Calculate the remainder when 665959 is divided by 1369.
625
What is the remainder when 4004746 is divided by 48249?
79
What is the remainder when 69499418 is divided by 2267?
2266
What is the remainder when 24195 is divided by 7?
3
What is the remainder when 629159 is divided by 41320?
9359
Calculate the remainder when 5407021 is divided by 142290.
1
What is the remainder when 124899 is divided by 559?
242
What is the remainder when 1482985 is divided by 1482407?
578
What is the remainder when 89093 is divided by 6831?
290
What is the remainder when 1121802 is divided by 46?
0
What is the remainder when 1096814 is divided by 276?
266
Calculate the remainder when 21322937 is divided by 35.
27
What is the remainder when 350690 is divided by 349694?
996
What is the remainder when 20563316 is divided by 103?
87
What is the remainder when 23499 is divided by 3350?
49
What is the remainder when 2830667 is divided by 631?
1
What is the remainder when 1042887 is divided by 173813?
9
What is the remainder when 4303136 is divided by 331009?
19
What is the remainder when 2900972 is divided by 2900284?
688
What is the remainder when 879780 is divided by 1?
0
What is the remainder when 250861 is divided by 250681?
180
What is the remainder when 106161582 is divided by 296?
294
Calculate the remainder when 2513812 is divided by 797.
74
Calculate the remainder when 477739 is divided by 159193.
160
What is the remainder when 5609858 is divided by 48?
2
Calculate the remainder when 241810980 is divided by 3.
0
What is the remainder when 33248793 is divided by 11082925?
18
What is the remainder when 1921672 is divided by 425?
247
What is the remainder when 54207 is divided by 11?
10
What is the remainder when 7043795 is divided by 2164?
2139
Calculate the remainder when 23383555 is divided by 37.
36
Calculate the remainder when 14753 is divided by 955.
428
What is the remainder when 96251 is divided by 23773?
1159
Calculate the remainder when 1411391 is divided by 301.
2
Calculate the remainder when 79577 is divided by 370.
27
Calculate the remainder when 9324 is divided by 2818.
870
What is the remainder when 102714151 is divided by 62251?
1
What is the remainder when 5335330 is divided by 47?
31
Calculate the remainder when 37793 is divided by 3090.
713
What is the remainder when 328578 is divided by 164287?
4
What is the remainder when 956820733 is divided by 4185?
4183
Calculate the remainder when 3758378 is divided by 1252772.
62
Calculate the remainder when 376840 is divided by 782.
698
What is the remainder when 233122 is divided by 803?
252
What is the remainder when 625407 is divided by 389?
284
What is the remainder when 74248 is divided by 24332?
1252
What is the remainder when 84698 is divided by 119?
89
Calculate the remainder when 9875240 is divided by 1410627.
851
What is the remainder when 234052 is divided by 18?
16
What is the remainder when 9675382 is divided by 36?
22
What is the remainder when 119606 is divided by 587?
445
What is the remainder when 10095494 is divided by 252387?
14
Calculate the remainder when 10038783 is divided by 1566.
723
Calculate the remainder when 850903 is divided by 1979.
1912
What is the remainder when 105210 is divided by 1111?
776
What is the remainder when 3185547 is divided by 1592770?
7
Calculate the remainder when 2262358 is divided by 150823.
13
What is the remainder when 712344 is divided by 712326?
18
What is the remainder when 210020997 is divided by 150?
147
What is the remainder when 12707 is divided by 1701?
800
Calculate the remainder when 18417030 is divided by 3370.
3350
What is the remainder when 1658969 is divided by 552902?
263
What is the remainder when 8432652 is divided by 168653?
2
What is the remainder when 11483 is divided by 308?
87
Calculate the remainder when 1262768 is divided by 73.
14
What is the remainder when 1486824 is divided by 772?
724
Calculate the remainder when 902728 is divided by 482.
424
Calculate the remainder when 12776591 is divided by 1382.
1
What is the remainder when 1695533 is divided by 188392?
5
What is the remainder when 1788020 is divided by 5094?
26
Calculate the remainder when 2568736 is divided by 856244.
4
Calculate the remainder when 15242660 is divided by 2829.
8
Calculate the remainder when 218161 is divided by 575.
236
What is the remainder when 780197374 is divided by 1344?
1342
Calculate the remainder when 239514 is divided by 1555.
44
What is the remainder when 5767111 is divided by 85?
31
What is the remainder when 45526513 is divided by 100500?
13
Calculate the remainder when 1524751 is divided by 80250.
1
Calculate the remainder when 74804796 is divided by 2800.
2796
What is the remainder when 8